 d**2 - 3. Let h be z(0). Let p(o) be the first derivative of -o**4/4 - o**3 - o**2 - 2. What is the units digit of p(h)?
6
Suppose 0 = -5*l - 3*j + 367 + 541, -5*j = -2*l + 388. What is the tens digit of l?
8
Let f = -273 + 403. What is the hundreds digit of f?
1
Suppose -3*t + 6 = -0*t. Suppose -4 = t*j - j. Let o = 22 + j. What is the units digit of o?
8
Let n(z) = 2*z**2 + 8*z - 32. What is the hundreds digit of n(-12)?
1
Let i(d) = -12*d**2. Let l be i(1). What is the tens digit of 0 + -1*(l + 0)?
1
Suppose -3*t - 3*z = 9, -2 = t - 3*z - 7. What is the tens digit of t/2 + 31/2?
1
Suppose 7*v - 2*v = -3*u + 26, 4*u + v - 46 = 0. What is the units digit of u?
2
Let d(l) = 2*l**2 - 5*l - 28. What is the hundreds digit of d(-11)?
2
Let f(l) = -l**3 + 6*l**2 - 4*l - 3. Let q be f(5). Suppose 0 = -d - 0*d + q*o + 10, -5*d + o = -41. What is the units digit of d?
8
Suppose 2*l - 10 = -m + 4*m, 0 = 3*m + 4*l - 20. Suppose u + m = 5*t + 6, 0 = -2*t + 4. What is the tens digit of u?
1
Let h = -152 - -227. What is the units digit of h?
5
Let g(u) = -u**3 + 12*u**2 - 16*u - 8. What is the tens digit of g(10)?
3
Suppose 0 = -3*u - 0*u + 30. Let f = u + -3. What is the units digit of f?
7
Let k be (0/3 + 0)/(-2). Suppose -2*d + 0 + 6 = k. Suppose -d*g + 3*o + 15 = -3, 0 = -2*g - 2*o + 16. What is the units digit of g?
7
Suppose 1 = 3*b - 8. Suppose b = -m - 3. Let i = m + 7. What is the units digit of i?
1
Let u(s) be the first derivative of 8*s**3/3 - s**2 - s - 1. What is the units digit of u(-1)?
9
Suppose 2*w = 6*w + 52. Let p = w - -16. What is the units digit of p?
3
Suppose -252 = -0*g - 7*g. What is the units digit of g?
6
Let f be (-11 - -6)*29/(-5). Suppose -26 - f = -5*n - 3*c, -n = c - 13. What is the units digit of n?
8
Suppose 0 = 5*f + 5*c - 19 - 71, -4*f = -4*c - 32. Let g = f + -3. What is the units digit of g?
0
Suppose -4*k + 6 = -2*k. Suppose -28 = -5*p + 4*a, 0 = -5*p - a + k + 40. What is the units digit of p?
8
Let m = -5 - -8. Suppose h = 1, m*w - 2*h + 7*h - 44 = 0. Let a = w + -7. What is the units digit of a?
6
Suppose 0*q = -q + 24. Let n(r) = -r**3 - 6*r**2 + 3*r + 5. Let k be n(-6). Let s = k + q. What is the units digit of s?
1
What is the units digit of (4 + -5)/(0 + (-1)/164)?
4
Let z be ((-4)/8)/(1/12). Let u = -5 - z. What is the units digit of u?
1
Let v(d) = -d**3 + 4*d**2 + 4*d + 5. Let t be v(5). Let r(m) = -m**2 + m + 12. What is the units digit of r(t)?
2
Suppose -102 = -2*z + 5*b, b = 3*z + 2*z - 209. What is the tens digit of z?
4
What is the tens digit of (80/(-48))/((-2)/174)?
4
Suppose -2*b - 5 + 29 = 0. What is the units digit of b?
2
Let x(y) = 3*y**2 + y. Let l be (-1)/2 - (-10)/(-4). Let s be x(l). Suppose -2*d - t + 7 = 0, -3*t - 2*t = -d - s. What is the units digit of d?
1
Let i = 6 + -1. Suppose -32 = -t - 2*s, 3*t + i*s = 2*s + 87. What is the units digit of t?
6
Let f(t) = -2*t - 4. Let y be f(-4). Let h = y - -2. What is the units digit of ((-4)/(-3))/(2/h)?
4
Suppose 5*g - 2 = 8. What is the units digit of (4 + g)*(-3)/(-2)?
9
Let c(h) = h**2 - h - 2. Let x be c(4). Let g = x + -6. What is the units digit of g?
4
Let i = 48 + -9. What is the tens digit of i?
3
Suppose -5*k + 3*t + 5 = -6, -5*t = -k + 11. Let y be (2 - k)/(1/13). Let u = -7 + y. What is the units digit of u?
6
Suppose -f + 5 = 3*a, 1 = -f - 5*a - 4. Suppose 5*n - 10 = f. What is the units digit of n?
6
Let i = -84 + 60. Let o = i + 36. What is the units digit of o?
2
Let f = -8 - -8. What is the tens digit of (-3)/(-6)*(30 - f)?
1
What is the units digit of 90 + (20/5 - 2)?
2
Let a = -4 - -18. Let v be a/(-10) - 21/35. What is the units digit of (-1 + 3)*(-4)/v?
4
Suppose -5*g + 120 = -2*t, -g - 3*g + 4*t = -96. Suppose 0 = 4*s + 8 - g. Suppose s*n = z + 31, 0*n - 3*n = -2*z - 22. What is the units digit of n?
8
Suppose -2*i + 1 = -3. Suppose 2*n - i*w - 2 = 0, 3*n - 33 = w - 4*w. Suppose 0 = -b - 4*r + 27, -3*b + 19 = -2*r - n. What is the units digit of b?
1
Let f(t) be the third derivative of t**6/120 + t**5/30 - t**4/6 - t**3/6 - t**2. Let z be f(-3). Let i = 6 + z. What is the units digit of i?
8
What is the tens digit of (-4)/10 + ((-609)/5)/(-7)?
1
Suppose 4*s = 23 + 13. What is the units digit of s?
9
Suppose -3*g = 2*o - 5*o + 264, 2*g = 10. What is the units digit of o?
3
Let o(w) = 2*w + 7. Let t be o(-5). What is the tens digit of 2*26*t/(-12)?
1
Let q(f) = f - 476. Let n be q(0). What is the tens digit of (-9)/15 - n/10?
4
Suppose -2*p + 33 = p. Let x = 34 + p. What is the tens digit of x?
4
Let h(g) = 5*g - 1 - 2 - 8*g. Let p be h(-2). Suppose -p*r = -0*r - 12. What is the units digit of r?
4
Let o(i) = -6*i**2 + 2*i + 11. Let x(k) = -3*k**2 + k + 5. Let d(w) = -4*o(w) + 9*x(w). Let u be d(2). What is the units digit of (u/(-6))/((-2)/(-4))?
3
Suppose 0 = -w + 4*i - 6 - 6, 4*w - 28 = -3*i. Suppose -5*b + w*b = 18. Let k = b + 27. What is the units digit of k?
9
Suppose -j = -50 - 14. What is the tens digit of ((-6)/(-12))/(1/j)?
3
Suppose -j = -2*m + 10, 4*m + j = -m + 18. Suppose 3*i - 60 = -4*t, i - 20 = -0*i - m*t. Let v = -10 + i. What is the units digit of v?
0
Let w(i) = i**3 - 6*i**2 + 2*i + 1. Let k(r) = r**2 + 6*r + 6. Let f be k(-6). What is the units digit of w(f)?
3
Let q(p) = -p**2 - p - 1. Let t(i) = -3*i**2 - 10*i - 2. Let c(h) = 4*q(h) - t(h). What is the units digit of c(5)?
3
Let k be (-353)/(-5) + 2/5. Suppose k = 5*b + 6. What is the units digit of b?
3
Suppose -4*z + 3*a - 11 = 0, 0 = 2*z - 0*z + 5*a + 25. Suppose 4*y + 52 = 2*m, -2*y - 2*y = -m + 50. Let u = z - y. What is the units digit of u?
7
Let q(s) = 2*s. Let t(d) = 5*d**3 + d**2 + d + 1. Let v be t(-1). Let i be q(v). What is the units digit of (0 - -1) + -1 - i?
8
Let g(l) = -6*l**3 + l**2 + l - 1. What is the tens digit of g(-2)?
4
Let l = -44 - -64. What is the tens digit of l?
2
Let p(b) = -2*b. Let x be p(-1). Suppose 4*q = -x*r + 6, -2*r = -1 + 7. What is the units digit of q?
3
What is the units digit of (-1)/4 + 1047/12 + 3?
0
Suppose -2*x - 3*k + 215 = 0, 0*k = -3*k + 15. Suppose 5*d - x = -35. Suppose 3*t - 5*s = d + 8, t = -4*s + 7. What is the units digit of t?
7
Suppose 4*n - 5*u + 14 = 60, -16 = -n - u. What is the units digit of n?
4
Let q(b) = -b + 1. Let s(d) = d**3 + d**2 - 4. Let x be s(0). Let m be x/6*9/6. What is the units digit of q(m)?
2
What is the units digit of 368/((-8)/20*-5)?
4
Suppose -5*q = -4*p, 0 = 4*q - q + p. Let b be 4 + 2 + q - 0. Suppose 5*t = 3*v + 19, v + b*t - 27 = t. What is the units digit of v?
2
Let a(k) = k**3 - 19*k**2 + 24*k - 9. What is the tens digit of a(18)?
9
Suppose 4*y = -5*l - 13, -l - l - 4*y = -2. What is the units digit of 5*(84/l)/(-3)?
8
Suppose -4*z = -4*h + 124, -h + z = 4*h - 171. What is the units digit of h?
5
Let i = -298 - -504. What is the units digit of i?
6
Suppose -5*a = 2*y - 4*y - 21, 4*a - 3*y = 21. Suppose a*i = 5*i - 96. What is the tens digit of i?
4
Suppose -4*z + 55 = -4*h - 13, -2*z = h - 43. What is the units digit of z?
0
Let w(q) = 20*q - 28. What is the units digit of w(6)?
2
Suppose -4*m = -4*u + 40, 2*m + u = m. Let y(l) = -l - 3. Let n be y(m). Suppose i - 8 = -3*j - n*j, 3*i + 14 = 4*j. What is the units digit of j?
2
Suppose 2*b - 1 = 9. Suppose -b*v = -2*v - 69. What is the tens digit of v?
2
Let i be -3 - 1/((-4)/140). Suppose -5*d - i = p - 92, -36 = -3*d + p. What is the units digit of d?
2
Suppose 0 = 4*u + 5*t - 107, -3*u - 4*t = t - 79. Suppose -o - u = -5*o. What is the units digit of o?
7
Suppose 0 = -4*y - 3*q + 3 + 11, y - 3*q = -4. Let n be -4*(1 - y/4). Let m(i) = -i**3 + i**2 - 4*i - 3. What is the tens digit of m(n)?
1
Let a = 29 + -17. Let w = 20 - a. What is the units digit of w?
8
Let j = -11 - -16. Suppose 0 = 2*x - 6, x - 8 = j*d + 10. What is the units digit of 1 + 6/d*-1?
3
Let s = 19 + -16. Let g(d) = d**2 + 2*d. What is the tens digit of g(s)?
1
Let y(v) = 10*v - 3*v**3 + 2*v**3 + 18*v**2 - 7 - 13*v**2. Let o be y(6). Suppose -2*m + 2*l = -20, -5*l = -4*m + 2*m + o. What is the units digit of m?
1
What is the units digit of 528/14 - 6/(-21)?
8
Suppose 12 + 60 = 3*o. What is the units digit of o?
4
Let c(m) = -m**3 + 11*m**2 - m + 18. What is the hundreds digit of c(8)?
2
Let p(j) = j + 1 + 0 + 3*j. Let q be p(1). Suppo